{"id":16,"date":"2024-01-21T09:59:21","date_gmt":"2024-01-21T09:59:21","guid":{"rendered":"https:\/\/isolutions-tn.com\/?page_id=16"},"modified":"2025-06-22T00:01:06","modified_gmt":"2025-06-22T00:01:06","slug":"telechargement","status":"publish","type":"page","link":"https:\/\/isolutions-tn.com\/index.php\/telechargement\/","title":{"rendered":"T\u00e9l\u00e9chargement"},"content":{"rendered":"\n<div class=\"wp-block-group is-vertical is-layout-flex wp-container-core-group-is-layout-8cf370e7 wp-block-group-is-layout-flex\">\n<p>Bienvenue.<\/p>\n\n\n\n<p>Pour t\u00e9l\u00e9charger&nbsp;<strong>WinDecMens<\/strong>, veuillez remplir ce formulaire.<\/p>\n\n\n\n<p>Le t\u00e9l\u00e9chargement de&nbsp;<strong>WinDecMens<\/strong>&nbsp;version d&rsquo;\u00e9valuation d\u00e9butera en cliquant sur le bouton \u00ab\u00a0<strong>T\u00e9l\u00e9charger<\/strong>\u00ab\u00a0.<\/p>\n\n\n\n<p>Le fichier t\u00e9l\u00e9charg\u00e9 est compress\u00e9, il faut juste le d\u00e9compresser et lancer le programme \u00ab\u00a0WinDecMens.EXE\u00a0\u00bb pour commencer le test.&nbsp;<\/p>\n\n\n\n<p>Si vous n&rsquo;avez pas d&rsquo;outil pour d\u00e9compresser les fichier, vous pouvez t\u00e9l\u00e9charger l&rsquo;utilitaire gratuit suivant :&nbsp;<a href=\"https:\/\/www.7-zip.org\/download.html\" target=\"_blank\" rel=\"noreferrer noopener\">Utilitaire&nbsp;7ZIP<\/a><\/p>\n\n\n\n<p>La version d&rsquo;\u00e9valuation de&nbsp;<strong>WinDecMens<\/strong>&nbsp;permet la saisie et la visualisation des d\u00e9clarations mensuelles.<\/p>\n\n\n\n<p>Pour obtenir la version compl\u00e8te de&nbsp;<strong>WinDecMens<\/strong>, appelez le&nbsp;&nbsp;<strong>+216 70 685 440<\/strong>&nbsp;, ou envoyez un Email au&nbsp;<strong><a href=\"mailto:contact@isolutions-tn.com\">contact@isolutions-tn.com<\/a><\/strong><\/p>\n<\/div>\n\n\n\n<div class=\"forminator-guttenberg\"><div class=\"forminator-ui forminator-custom-form forminator-custom-form-601 forminator-design--default  forminator_ajax\" data-forminator-render=\"0\" data-form=\"forminator-module-601\" data-uid=\"6a070e5d292af\"><br\/><\/div><form\n\t\t\t\tid=\"forminator-module-601\"\n\t\t\t\tclass=\"forminator-ui forminator-custom-form forminator-custom-form-601 forminator-design--default  forminator_ajax\"\n\t\t\t\tmethod=\"post\"\n\t\t\t\tdata-forminator-render=\"0\"\n\t\t\t\tdata-form-id=\"601\"\n\t\t\t\t data-color-option=\"theme\" data-design=\"default\" data-grid=\"open\" style=\"display: none;\"\n\t\t\t\tdata-uid=\"6a070e5d292af\"\n\t\t\t><div role=\"alert\" aria-live=\"polite\" class=\"forminator-response-message forminator-error\" aria-hidden=\"true\"><\/div><div class=\"forminator-row\"><div id=\"name-1\" class=\"forminator-field-name forminator-col forminator-col-12 \"><div class=\"forminator-field\"><label for=\"forminator-field-name-1_6a070e5d292af\" id=\"forminator-field-name-1_6a070e5d292af-label\" class=\"forminator-label\">Nom <span class=\"forminator-required\">*<\/span><\/label><input type=\"text\" name=\"name-1\" value=\"\" placeholder=\"\" id=\"forminator-field-name-1_6a070e5d292af\" class=\"forminator-input forminator-name--field\" aria-required=\"true\" autocomplete=\"name\" \/><\/div><\/div><\/div><div class=\"forminator-row\"><div id=\"email-1\" class=\"forminator-field-email forminator-col forminator-col-12 \"><div class=\"forminator-field\"><label for=\"forminator-field-email-1_6a070e5d292af\" id=\"forminator-field-email-1_6a070e5d292af-label\" class=\"forminator-label\">Adresse de messagerie <span class=\"forminator-required\">*<\/span><\/label><input type=\"email\" name=\"email-1\" value=\"\" placeholder=\"\" id=\"forminator-field-email-1_6a070e5d292af\" class=\"forminator-input forminator-email--field\" data-required=\"true\" aria-required=\"true\" autocomplete=\"email\" \/><\/div><\/div><\/div><div class=\"forminator-row\"><div id=\"phone-1\" class=\"forminator-field-phone forminator-col forminator-col-12 \"><div class=\"forminator-field\"><label for=\"forminator-field-phone-1_6a070e5d292af\" id=\"forminator-field-phone-1_6a070e5d292af-label\" class=\"forminator-label\">Num\u00e9ro de t\u00e9l\u00e9phone <span class=\"forminator-required\">*<\/span><\/label><input type=\"text\" name=\"phone-1\" value=\"\" placeholder=\"\" id=\"forminator-field-phone-1_6a070e5d292af\" class=\"forminator-input forminator-field--phone\" data-required=\"1\" aria-required=\"true\" autocomplete=\"off\" \/><\/div><\/div><\/div><div class=\"forminator-row\"><div id=\"textarea-1\" class=\"forminator-field-textarea forminator-col forminator-col-12 \"><div class=\"forminator-field\"><label for=\"forminator-field-textarea-1_6a070e5d292af\" id=\"forminator-field-textarea-1_6a070e5d292af-label\" class=\"forminator-label\">Message<\/label><span id=\"forminator-field-textarea-1_6a070e5d292af-description\" class=\"forminator-description\"><span data-limit=\"180\" data-type=\"characters\" data-editor=\"\">0 \/ 180<\/span><\/span><textarea name=\"textarea-1\" placeholder=\"\" id=\"forminator-field-textarea-1_6a070e5d292af\" class=\"forminator-textarea\" rows=\"6\" style=\"--forminator-textarea-min-height:140px;\" maxlength=\"180\" ><\/textarea><\/div><\/div><\/div><input type=\"hidden\" name=\"referer_url\" value=\"\" \/><div class=\"forminator-row forminator-row-last\"><div class=\"forminator-col\"><div class=\"forminator-field\"><button class=\"forminator-button forminator-button-submit\">Envoyer<\/button><\/div><\/div><\/div><input type=\"hidden\" id=\"forminator_nonce\" name=\"forminator_nonce\" value=\"3bff9ca588\" \/><input type=\"hidden\" name=\"_wp_http_referer\" value=\"\/index.php\/wp-json\/wp\/v2\/pages\/16\" \/><input type=\"hidden\" name=\"form_id\" value=\"601\"><input type=\"hidden\" name=\"page_id\" value=\"16\"><input type=\"hidden\" name=\"form_type\" value=\"default\"><input type=\"hidden\" name=\"current_url\" value=\"https:\/\/isolutions-tn.com\/index.php\/telechargement\/\"><input type=\"hidden\" name=\"render_id\" value=\"0\"><input type=\"hidden\" name=\"action\" value=\"forminator_submit_form_custom-forms\"><\/form><\/div>\n","protected":false},"excerpt":{"rendered":"<p>Bienvenue. Pour t\u00e9l\u00e9charger&nbsp;WinDecMens, veuillez remplir ce formulaire. Le t\u00e9l\u00e9chargement de&nbsp;WinDecMens&nbsp;version d&rsquo;\u00e9valuation d\u00e9butera en cliquant sur le bouton \u00ab\u00a0T\u00e9l\u00e9charger\u00ab\u00a0. Le fichier t\u00e9l\u00e9charg\u00e9 est compress\u00e9, il faut juste le d\u00e9compresser et lancer le programme \u00ab\u00a0WinDecMens.EXE\u00a0\u00bb pour commencer le test.&nbsp; Si vous n&rsquo;avez pas d&rsquo;outil pour d\u00e9compresser les fichier, vous pouvez t\u00e9l\u00e9charger l&rsquo;utilitaire gratuit suivant :&nbsp;Utilitaire&nbsp;7ZIP La version&hellip; <br \/> <a class=\"read-more\" href=\"https:\/\/isolutions-tn.com\/index.php\/telechargement\/\">Lire la suite<\/a><\/p>\n","protected":false},"author":1,"featured_media":0,"parent":0,"menu_order":0,"comment_status":"closed","ping_status":"closed","template":"","meta":{"footnotes":""},"class_list":["post-16","page","type-page","status-publish","hentry"],"jetpack_sharing_enabled":true,"_links":{"self":[{"href":"https:\/\/isolutions-tn.com\/index.php\/wp-json\/wp\/v2\/pages\/16","targetHints":{"allow":["GET"]}}],"collection":[{"href":"https:\/\/isolutions-tn.com\/index.php\/wp-json\/wp\/v2\/pages"}],"about":[{"href":"https:\/\/isolutions-tn.com\/index.php\/wp-json\/wp\/v2\/types\/page"}],"author":[{"embeddable":true,"href":"https:\/\/isolutions-tn.com\/index.php\/wp-json\/wp\/v2\/users\/1"}],"replies":[{"embeddable":true,"href":"https:\/\/isolutions-tn.com\/index.php\/wp-json\/wp\/v2\/comments?post=16"}],"version-history":[{"count":6,"href":"https:\/\/isolutions-tn.com\/index.php\/wp-json\/wp\/v2\/pages\/16\/revisions"}],"predecessor-version":[{"id":604,"href":"https:\/\/isolutions-tn.com\/index.php\/wp-json\/wp\/v2\/pages\/16\/revisions\/604"}],"wp:attachment":[{"href":"https:\/\/isolutions-tn.com\/index.php\/wp-json\/wp\/v2\/media?parent=16"}],"curies":[{"name":"wp","href":"https:\/\/api.w.org\/{rel}","templated":true}]}}