{"id":45,"date":"2024-01-21T15:14:58","date_gmt":"2024-01-21T15:14:58","guid":{"rendered":"https:\/\/isolutions-tn.com\/?page_id=45"},"modified":"2026-01-14T11:43:52","modified_gmt":"2026-01-14T11:43:52","slug":"wingcom","status":"publish","type":"page","link":"https:\/\/isolutions-tn.com\/index.php\/wingcom\/","title":{"rendered":"WinGcom"},"content":{"rendered":"\n<h2 class=\"wp-block-heading\">Gestion Commerciale<\/h2>\n\n\n\n<p>Conformit\u00e9 Facture \u00e9lectronique :<\/p>\n\n\n\n<p><strong>Conformit\u00e9 Facture \u00e9lectronique TEIF :<\/strong> <strong>WinGcom est conforme avec la nouvelle norme de la Facture Electronique TEIF. WinGcom peut g\u00e9nerer pour chaque facture un fichier au format XML conforme TEIF, et peut la signer par votre certificat TUNTRUST<\/strong><\/p>\n\n\n\n<p><strong>Conformit\u00e9 TEJ : WinGcom est aussi conforme avec la norme TEJ pour la retenue \u00e0 la source. Dans les factures, les retenues \u00e0 la source sont calcul\u00e9e et g\u00e9n\u00e8rent des fichiers XML conformes avec la plateforme TEJ<\/strong><\/p>\n\n\n\n<p><strong>Fonctionnalit\u00e9s principales<\/strong> : Achats, BC, BL, Facturation, Tickets vente, Stocks, Relev\u00e9s Client et Fournisseur, CA, D\u00e9p\u00f4ts, Commerciaux, Points de ventes, TVA, SAV , Contrats, Suivi par n\u00b0s\u00e9rie, Etats statistiques, \u2026<\/p>\n\n\n\n<p><strong>WinGcom&nbsp;<\/strong>est un logiciel de gestion commerciale adapt\u00e9 \u00e0 plusieurs activit\u00e9s; plusieurs versions sont disponibles selon le type de l&rsquo;activit\u00e9.Une gestion simplifi\u00e9e de vos mouvements; des \u00e9tats statistiques d\u00e9taill\u00e9s sur les ventes, les achats et les r\u00e8glements avec tous les crit\u00e8res de s\u00e9lection possibles.<\/p>\n\n\n<div class=\"wp-block-image\">\n<figure class=\"alignleft size-full\"><img fetchpriority=\"high\" decoding=\"async\" width=\"300\" height=\"200\" src=\"https:\/\/isolutions-tn.com\/wp-content\/uploads\/2024\/01\/Commercial-1.png\" alt=\"\" class=\"wp-image-269\"\/><\/figure>\n<\/div>\n\n\n<p><strong>Gestion des Articles<\/strong><\/p>\n\n\n\n<p>Param\u00e9trage des Types d&rsquo;articles, Param\u00e9trages des Cat\u00e9gories d&rsquo;articles, D\u00e9finition de plusieurs prix selon les Clients, D\u00e9finition du Stock minimum, Gestion des photos des articles : Catalogue,\u2026<\/p>\n\n\n\n<p><strong>Gestion des Clients<\/strong><\/p>\n\n\n\n<p>Param\u00e9trage des Types de Clients, Param\u00e9trages des Cat\u00e9gories de Clients, D\u00e9finition des taxes aff\u00e9rentes \u00e0 chaque client, D\u00e9finition des Remises aff\u00e9rentes \u00e0 chaque client, D\u00e9finition de la situation vis \u00e0 vis de la TVA, \u2026<\/p>\n\n\n\n<p><strong>Gestion des fournisseurs<\/strong><\/p>\n\n\n\n<p>Param\u00e9trage des Types des Fournisseurs, Gestion de la TVA,Gestion des autres Taxes (T.F., FODEC, \u2026)<\/p>\n\n\n\n<p><strong>Les traitements<\/strong><\/p>\n\n\n\n<p>Gestion des Bons de Commande, Gestion des Bons de Livraison, Gestion des Factures : Prix, Remises et taxes sont affect\u00e9es automatiquement selon le client, Edition des Factures, Edition de Contrats de Ventes, Gestion des R\u00e8glements de Ventes, Gestion des R\u00e8glements d&rsquo;Achats, Gestion du Stock<\/p>\n\n\n\n<p><strong>LES ETATS<\/strong><\/p>\n\n\n\n<p><strong>WinGcom <\/strong>offre une multitude d&rsquo;\u00e9tats complets et d\u00e9taill\u00e9s permettant d&rsquo;avoir une vue global sur votre business et de suivre son \u00e9volution.<\/p>\n\n\n\n<figure class=\"wp-block-embed is-type-video is-provider-youtube wp-block-embed-youtube wp-embed-aspect-4-3 wp-has-aspect-ratio\"><div class=\"wp-block-embed__wrapper\">\n<div class='embed-container'><iframe title=\"WinGcom\" width=\"1440\" height=\"1080\" src=\"https:\/\/www.youtube.com\/embed\/U05qW6PzaLE?feature=oembed\" frameborder=\"0\" allow=\"accelerometer; autoplay; clipboard-write; encrypted-media; gyroscope; picture-in-picture; web-share\" referrerpolicy=\"strict-origin-when-cross-origin\" allowfullscreen><\/iframe><\/div>\n<\/div><\/figure>\n\n\n\n<h2 class=\"wp-block-heading\">Fonctionnalit\u00e9s<\/h2>\n\n\n\n<p><img decoding=\"async\" src=\"http:\/\/www.isolutions-tn.com\/images\/pb.gif\" alt=\"r6\" width=\"17\" height=\"17\">Points forts<\/p>\n\n\n\n<ul class=\"wp-block-list\">\n<li>Achats, BC, BL, Facturation, Stock<\/li>\n\n\n\n<li>Points de ventes, Commerciaux, &#8230;<\/li>\n\n\n\n<li>CA par article\/gamme\/client, &#8230;<\/li>\n\n\n\n<li>Relev\u00e9 client\/fournisseur, TVA<\/li>\n<\/ul>\n\n\n\n<p><img decoding=\"async\" src=\"http:\/\/www.isolutions-tn.com\/images\/pb.gif\" alt=\"r5\" width=\"17\" height=\"17\">Fonctionnalit\u00e9s<\/p>\n\n\n\n<ul class=\"wp-block-list\">\n<li><strong>Gestion des Articles<\/strong><br>o Cat\u00e9gories, Familles, Sous familles, Marques<br>o Gestion des articles, Tarifs, TVA, Taxes<br>o Catalogue<\/li>\n\n\n\n<li><strong>Clients &#8211; Fournisseurs &#8211; Commerciaux<\/strong><br>o Relev\u00e9s clients &#8211; Fournisseurs<br>o CA par client<br>o CA par commercial, commissions, &#8230;<\/li>\n\n\n\n<li><strong>Points de ventes &#8211; D\u00e9p\u00f4ts<\/strong><br>o Entr\u00e9es par d\u00e9p\u00f4t<br>o Ventes par point de vente<\/li>\n\n\n\n<li><strong>Achats<\/strong><br>o Bons de commandes \/ Suivi des commandes (livr\u00e9es \/ partielles \/ non livr\u00e9es)<br>o Livraison des marchandises achet\u00e9es<br>o Achats &#8211; R\u00e8glements des achats<br>o G\u00e9n\u00e9ration de BL et de Factures \u00e0 partir des bons de commande fournisseurs<br>o Etats statistiques<\/li>\n\n\n\n<li><strong>Vente<\/strong><br>o Devis<br>o G\u00e9n\u00e9ration de commandes et de factures \u00e0 partir des devis<br>o Bons de commande clients<br>o Bons de livraison<br>o Factures &#8211; g\u00e9n\u00e9ration de factures<br>o R\u00e8glement des ventes<br>o Etats statistiques<\/li>\n\n\n\n<li><strong>Etats statistiques<\/strong><br>o Etats des achats<br>o Etats des ventes<br>o CA par clients \/ par fournisseur \/ par article \/ par famille \/ par point de vente<br>o Relev\u00e9s client &#8211; fournisseur<br>o Etats de Stock global, par famille, par article<br>o Etat de TVA<\/li>\n\n\n\n<li><strong>Outils de maintenance<\/strong><br>o V\u00e9rification des donn\u00e9es<br>o Sauvegarde &amp; restauration des donn\u00e9es<\/li>\n<\/ul>\n","protected":false},"excerpt":{"rendered":"<p>Gestion Commerciale Conformit\u00e9 Facture \u00e9lectronique : Conformit\u00e9 Facture \u00e9lectronique TEIF : WinGcom est conforme avec la nouvelle norme de la Facture Electronique TEIF. WinGcom peut g\u00e9nerer pour chaque facture un fichier au format XML conforme TEIF, et peut la signer par votre certificat TUNTRUST Conformit\u00e9 TEJ : WinGcom est aussi conforme avec la norme TEJ&hellip; <br \/> <a class=\"read-more\" href=\"https:\/\/isolutions-tn.com\/index.php\/wingcom\/\">Lire la suite<\/a><\/p>\n","protected":false},"author":1,"featured_media":0,"parent":0,"menu_order":0,"comment_status":"closed","ping_status":"closed","template":"","meta":{"footnotes":""},"class_list":["post-45","page","type-page","status-publish","hentry"],"jetpack_sharing_enabled":true,"_links":{"self":[{"href":"https:\/\/isolutions-tn.com\/index.php\/wp-json\/wp\/v2\/pages\/45","targetHints":{"allow":["GET"]}}],"collection":[{"href":"https:\/\/isolutions-tn.com\/index.php\/wp-json\/wp\/v2\/pages"}],"about":[{"href":"https:\/\/isolutions-tn.com\/index.php\/wp-json\/wp\/v2\/types\/page"}],"author":[{"embeddable":true,"href":"https:\/\/isolutions-tn.com\/index.php\/wp-json\/wp\/v2\/users\/1"}],"replies":[{"embeddable":true,"href":"https:\/\/isolutions-tn.com\/index.php\/wp-json\/wp\/v2\/comments?post=45"}],"version-history":[{"count":6,"href":"https:\/\/isolutions-tn.com\/index.php\/wp-json\/wp\/v2\/pages\/45\/revisions"}],"predecessor-version":[{"id":899,"href":"https:\/\/isolutions-tn.com\/index.php\/wp-json\/wp\/v2\/pages\/45\/revisions\/899"}],"wp:attachment":[{"href":"https:\/\/isolutions-tn.com\/index.php\/wp-json\/wp\/v2\/media?parent=45"}],"curies":[{"name":"wp","href":"https:\/\/api.w.org\/{rel}","templated":true}]}}